{"id":20,"date":"2025-10-17T08:59:11","date_gmt":"2025-10-17T08:59:11","guid":{"rendered":"https:\/\/eagletravel.pl\/wordpress\/?page_id=20"},"modified":"2025-10-17T15:20:01","modified_gmt":"2025-10-17T15:20:01","slug":"onas","status":"publish","type":"page","link":"https:\/\/eagletravel.pl\/index.php\/onas\/","title":{"rendered":"O nas"},"content":{"rendered":"\r\n<p>Od ponad 25 lat z pasj\u0105 i zaanga\u017cowaniem tworzymy wyj\u0105tkowe wspomnienia dla kolejnych pokole\u0144 m\u0142odych podr\u00f3\u017cnik\u00f3w. Jeste\u015bmy dumni, \u017ce zaufanie, jakim obdarzaj\u0105 nas rodzice i nauczyciele, pozwala nam organizowa\u0107 niezapomniane wyjazdy, kt\u00f3re \u0142\u0105cz\u0105 bezpieczny wypoczynek z edukacj\u0105 i \u015bwietn\u0105 zabaw\u0105. Nasze do\u015bwiadczenie to gwarancja najwy\u017cszej jako\u015bci i profesjonalizmu na ka\u017cdym etapie podr\u00f3\u017cy.<\/p>\r\n","protected":false},"excerpt":{"rendered":"<p>Od ponad 25 lat z pasj\u0105 i zaanga\u017cowaniem tworzymy wyj\u0105tkowe wspomnienia dla kolejnych pokole\u0144 m\u0142odych podr\u00f3\u017cnik\u00f3w. Jeste\u015bmy dumni, \u017ce zaufanie, jakim obdarzaj\u0105 nas rodzice i nauczyciele, pozwala nam organizowa\u0107 niezapomniane wyjazdy, kt\u00f3re \u0142\u0105cz\u0105 bezpieczny wypoczynek z edukacj\u0105 i \u015bwietn\u0105 zabaw\u0105. Nasze do\u015bwiadczenie to gwarancja najwy\u017cszej jako\u015bci i profesjonalizmu na ka\u017cdym etapie podr\u00f3\u017cy.<\/p>\n","protected":false},"author":1,"featured_media":0,"parent":0,"menu_order":0,"comment_status":"closed","ping_status":"closed","template":"","meta":{"footnotes":""},"class_list":["post-20","page","type-page","status-publish","hentry"],"_links":{"self":[{"href":"https:\/\/eagletravel.pl\/index.php\/wp-json\/wp\/v2\/pages\/20","targetHints":{"allow":["GET"]}}],"collection":[{"href":"https:\/\/eagletravel.pl\/index.php\/wp-json\/wp\/v2\/pages"}],"about":[{"href":"https:\/\/eagletravel.pl\/index.php\/wp-json\/wp\/v2\/types\/page"}],"author":[{"embeddable":true,"href":"https:\/\/eagletravel.pl\/index.php\/wp-json\/wp\/v2\/users\/1"}],"replies":[{"embeddable":true,"href":"https:\/\/eagletravel.pl\/index.php\/wp-json\/wp\/v2\/comments?post=20"}],"version-history":[{"count":2,"href":"https:\/\/eagletravel.pl\/index.php\/wp-json\/wp\/v2\/pages\/20\/revisions"}],"predecessor-version":[{"id":58,"href":"https:\/\/eagletravel.pl\/index.php\/wp-json\/wp\/v2\/pages\/20\/revisions\/58"}],"wp:attachment":[{"href":"https:\/\/eagletravel.pl\/index.php\/wp-json\/wp\/v2\/media?parent=20"}],"curies":[{"name":"wp","href":"https:\/\/api.w.org\/{rel}","templated":true}]}}